der when 5 + 20 - (d - r/1) is divided by 11?
7
Let k(o) = -616*o - 4193. Calculate the remainder when 14991 is divided by k(-7).
116
Let u be (-2 + -2)/(-1 - -3)*-2. Suppose 3*z + 5*a = -132 + 379, u*z - 5*a - 271 = 0. Let v = -13 + z. Calculate the remainder when v is divided by 16.
13
Let m(d) = 2*d**3 + 56*d**2 + 4*d + 125. What is the remainder when 341 is divided by m(-28)?
3
Suppose 3 = -31*w + 2731. Calculate the remainder when 127 is divided by w.
39
Let u be 261 + 0 + 34 + -37. Let z = u - 254. Calculate the remainder when z is divided by 2.
0
Suppose 246*d + 1509 - 3811 = 6554. What is the remainder when 682 is divided by d?
34
Suppose -v + 332 = 3*w, -3*w + 270 = 2*v - 67. Let b = w + -96. Calculate the remainder when 63 is divided by b.
11
Let d be (-8 - -11) + (72 - (-2 + 4)). Let l = d + -68. Suppose 0 = -2*m + 2*w + 232, m - l*w - 128 = -0*m. Calculate the remainder when m is divided by 30.
23
Let q(u) = -u**3 - 10*u**2 + 7*u + 27. What is the remainder when 150 is divided by q(-11)?
8
Let d = 48 - -42. Let f be (94/(-10))/((-16)/(-80)). Let n = f + 70. What is the remainder when d is divided by n?
21
Let f(m) = m**3 - 2*m**2 + 4*m + 1. Let g be 1/(-8) + 14/112. Calculate the remainder when 4 is divided by f(g).
0
Let o = -17 + 53. Suppose -27*u + 3872 = 83*u + 11*u. Calculate the remainder when o is divided by u.
4
Let j = -32 - -34. Suppose -6*z - 24 = -j*z. What is the remainder when 16/z*((-8)/(-2) - 19) is divided by 14?
12
Suppose h = -4*t - 320, -2*h - 68 - 256 = 4*t. Let u = t + 111. Suppose 36*d - 140 = u*d. What is the remainder when 243 is divided by d?
33
Let f = -355 + 402. Suppose -2*m + m = 32. Let w = m + f. Calculate the remainder when 23 is divided by w.
8
Suppose 17125*w - 17114*w - 33 = 0. Calculate the remainder when 8 is divided by w.
2
Let s = 9 + -72. Let c be -1*(60 - (-4 + 5)). Let b = c - s. What is the remainder when 18 is divided by b?
2
Let p = 2591 + -2546. What is the remainder when 449 is divided by p?
44
Let r(n) = 2*n - 6. Let w be r(7). Let a(d) = -2*d**2 - 18*d - 7. Let k be a(w). Let f = -190 - k. Calculate the remainder when f is divided by 30.
29
Suppose 2*b - 5*j = 2410, 2*b - 27*j - 2428 = -31*j. What is the remainder when b is divided by 71?
3
Let g(u) be the third derivative of u**4/12 + 13*u**3/6 + u**2. Let i(q) = -5*q + 99. Let x be i(19). What is the remainder when 39 is divided by g(x)?
18
Suppose -100 + 2480 = 14*g + 14*g. Calculate the remainder when 142 is divided by g.
57
Suppose 3*z = 2*y - 978, -2*z + 105 + 863 = 2*y. Calculate the remainder when y is divided by 259.
227
Let p(w) = w**2 - w + 28. Let j = 160297 + -160282. Calculate the remainder when p(0) is divided by j.
13
Let j = -52 - -79. Suppose 3*t - 69 = -5*k, 0*t = -k - 3*t + 9. Suppose -14*c + k = -69. What is the remainder when j is divided by c?
3
Let c be ((-7)/21)/((-2)/(-36)). Calculate the remainder when -1*(-5 - c) - 418/(-2) is divided by 35.
33
Let q(o) = 4*o**2 - 30*o - 107. Suppose -13*b + 1652 = -1273. What is the remainder when b is divided by q(-4)?
71
Let j(c) = 34*c + 1208. Calculate the remainder when 457 is divided by j(-32).
97
Suppose -3*q - 4*l = -390, 2*q - 2*l = -0*q + 274. Let x(n) = -6*n + 14. Let y be x(-13). Let v = 126 - y. What is the remainder when q is divided by v?
32
Suppose 0 = 3*d - 32*f + 33*f - 3078, -2*d + f = -2062. Calculate the remainder when 1040 is divided by d.
12
Suppose -24 - 160 = -4*u. Suppose -23*n = -25*n + u. Let l(m) = 2*m**2 + 17*m - 107. Calculate the remainder when l(6) is divided by n.
21
Suppose -30 = -10*w + 1720. Suppose -385 = -7*o - w. Calculate the remainder when o is divided by 6.
0
Suppose -3*t - 987 = -9*r + 624, 348 = 2*r - 4*t. Calculate the remainder when 452 is divided by r.
92
Let i be 22/12*50 - (-290)/(-174). Suppose 3*w - 168 = -5*s + 19, 0 = -2*s + 5*w + 81. What is the remainder when 7/((-42)/(-10))*i is divided by s?
36
Let k(j) = -j**2 - 9*j - 3. Suppose 3*w - 35 + 95 = 0. Let b(f) = f**3 + 19*f**2 - 22*f - 46. Let i be b(w). Calculate the remainder when 72 is divided by k(i).
12
Let z = 23 - 18. Let w = -57 + 60. Calculate the remainder when 46 is divided by (-4)/(-12) + (175/w)/z.
10
Let t(g) = -129*g**2 - 2*g + 2. Let c be t(-2). Let v = c + 738. Let z = 3558 + -3525. What is the remainder when v is divided by z?
30
What is the remainder when 52/((-2)/(-17) + 680/(-15606)) - 2 is divided by 141?
136
Let h(j) = 12*j**2 + 71*j + 9. Let c be h(-7). Let y = c + 123. What is the remainder when y is divided by 32?
31
Suppose s = -5*h - 0*h + 84, s - 78 = -11*h. Let y = 4 + 1. Let q(w) = w**3 - 3*w**2 - 7*w + 3. Calculate the remainder when s is divided by q(y).
17
Let r(z) = -157*z - 9783. Calculate the remainder when 625 is divided by r(-63).
85
Calculate the remainder when 2473 is divided by (225/21)/((-1)/(-7)).
73
Suppose -5*y = -481 + 16. Let d be (-13)/(156/108) - -14. Suppose -h = d*a - 43 + 14, -h + 5*a + 9 = 0. Calculate the remainder when y is divided by h.
17
Calculate the remainder when -15*(14 + (-504)/30) is divided by 11.
9
Suppose -5*n = 4*f - 245, 0 = -4*n - 2*f + 132 + 58. Suppose -4*i = -6*i + 2 + 24. Calculate the remainder when n is divided by i.
6
Suppose -56*a + 36*a + 4060 = 0. Let b = 378 - a. What is the remainder when b is divided by 46?
37
Let a(t) = 16*t - 193. Calculate the remainder when a(42) is divided by 230.
19
Suppose 13120 = -16*q + 57*q. What is the remainder when q is divided by 108?
104
Suppose q = 4*c - 917, -c - 2*q + 215 = -7*q. Let f = 123 + -64. Calculate the remainder when c is divided by f.
53
Let q(l) = 4*l - 193. Let w = 1089 + -1038. What is the remainder when 24 is divided by q(w)?
2
Suppose -15 = -2*y - r, -r + 8 - 5 = 0. Suppose -s - 2*s - y = 0, -2*w = s - 206. What is the remainder when w is divided by 15?
14
Suppose 10*l = 39*l - 464. Suppose -l*g = -31*g + 4665. What is the remainder when g is divided by 24?
23
Let p = 2708 - 2639. Calculate the remainder when 2551 is divided by p.
67
Let d be ((-32)/(-5))/8*-15. What is the remainder when 40/d*648/(-10) is divided by 77?
62
Let f(n) = 6*n**2 - 5*n + 2. Let y be f(5). Let w = y + -121. Calculate the remainder when 87 is divided by w.
3
Suppose 0 = -39*d + 450*d - 677328. Calculate the remainder when d is divided by 2.
0
Let w(f) = f. Let p be w(4). What is the remainder when 1 + -1*(-7 + p) is divided by (6/5)/((-2)/(-5))?
1
Let t(w) = -4*w**2 - 83*w - 2. Calculate the remainder when t(-4) is divided by 47.
31
Let p = 735 + -724. Calculate the remainder when 483 is divided by p.
10
What is the remainder when 836/1 - (-30 - (0 - 24)) is divided by 243?
113
Suppose 25*h - 29*h = 0. Suppose h*o = -3*o + 30. Suppose -5*j = -o, 2*t - j = t + 55. Calculate the remainder when t is divided by 20.
17
Suppose -4*w + 135 = w. Suppose i - 5*j - 121 = -146, -4*i = j - 5. What is the remainder when w is divided by (i - 3)*(-6 + 22 + -21)?
12
What is the remainder when 1473 is divided by (-15 - -14)/(-3*1/132*4)?
10
Let n = -1292 - -4044. What is the remainder when n is divided by 9?
7
What is the remainder when 201 is divided by (1248/(-160))/((-2)/(-5))*-2?
6
Let d = 3419 + -3295. What is the remainder when 238 is divided by d?
114
Let w be (-378)/6*(-1 - -3)/(-6). Suppose 0 = -p + 94 - w. Let n = 92 - p. Calculate the remainder when n is divided by 10.
9
Suppose q = 33 - 30, 4*q - 51 = -3*l. Suppose -3*h = h - 32. What is the remainder when l is divided by h?
5
Suppose 83 = 2*i - 3*q + 15, -4*q - 72 = -2*i. What is the remainder when 157 is divided by i?
17
Suppose 0 = 65*m - 83*m + 42948. What is the remainder when m is divided by 92?
86
Suppose k = -h + 5*h - 90, 0 = -4*h - 3*k + 98. Let f = -15135 + 15242. Suppose 4*t + h = f. What is the remainder when 79 is divided by t?
16
Let f be (1/((-15)/(-12)))/((-1)/(-5)). Suppose -1470 = 3*t + f*t. Let l = -109 - t. Calculate the remainder when l is divided by 13.
10
Let x = -401 + 444. Suppose -3*b + 3*g + 39 = 0, -3*g = -b + x - 40. Calculate the remainder when 105 is divided by b.
15
Let t(s) = -2*s**3 + 30*s**2 + 252*s + 75. What is the remainder when t(21) is divided by 1*16 + 0/1?
11
Let u(f) = -3*f + 43. Let m = 713 + -707. Calculate the remainder when 164 is divided by u(m).
14
Let n = 13